the prime factors of 37407203.
37407203
List the prime factors of 52454856.
2, 3, 2185619
List the prime factors of 1278013156.
2, 7, 45643327
What are the prime factors of 76800491?
47, 1634053
What are the prime factors of 34991666?
2, 17495833
What are the prime factors of 878749807?
13, 5199703
What are the prime factors of 89686465?
5, 11, 1630663
What are the prime factors of 1501926602?
2, 11, 68269391
List the prime factors of 45222902.
2, 619, 36529
What are the prime factors of 23266400?
2, 5, 127, 229
List the prime factors of 20687792.
2, 127, 10181
List the prime factors of 1921108475.
5, 11, 13, 537373
List the prime factors of 10953511.
337, 32503
List the prime factors of 3675181.
3675181
What are the prime factors of 2091636032?
2, 1181, 27673
List the prime factors of 134051139.
3, 101, 49157
List the prime factors of 514212412.
2, 7, 101, 349, 521
What are the prime factors of 667913828?
2, 127, 167, 7873
What are the prime factors of 62114466?
2, 3, 10352411
List the prime factors of 2525939698.
2, 11827, 106787
What are the prime factors of 63527201?
389, 163309
What are the prime factors of 890532637?
14347, 62071
What are the prime factors of 604522878?
2, 3, 31, 3250123
List the prime factors of 65214041.
1439, 45319
List the prime factors of 998498347.
7, 11, 71, 182641
List the prime factors of 1333640966.
2, 7, 101, 419, 2251
List the prime factors of 305338007.
13, 23487539
What are the prime factors of 3561793?
41, 109, 797
What are the prime factors of 1347953449?
83, 16240403
List the prime factors of 82344880.
2, 5, 241, 4271
List the prime factors of 29775580.
2, 5, 137, 10867
List the prime factors of 526491445.
5, 17, 31, 199807
What are the prime factors of 131808503?
331, 398213
List the prime factors of 47232476.
2, 1831, 6449
List the prime factors of 4840891766.
2, 127, 709, 26881
What are the prime factors of 1204361?
307, 3923
List the prime factors of 941688.
2, 3, 11, 29, 41
List the prime factors of 227907788.
2, 56976947
List the prime factors of 64834596.
2, 3, 1800961
List the prime factors of 2472598.
2, 29, 89, 479
What are the prime factors of 244421440?
2, 5, 283, 2699
What are the prime factors of 1762518271?
43, 71, 577307
List the prime factors of 3661889505.
3, 5, 17, 131, 109621
What are the prime factors of 46681399?
46681399
List the prime factors of 445842307.
53, 8412119
List the prime factors of 3192032978.
2, 1596016489
List the prime factors of 1983325997.
11113, 178469
What are the prime factors of 422581460?
2, 5, 7, 31, 97369
What are the prime factors of 212856019?
503, 423173
What are the prime factors of 289901660?
2, 5, 23, 37, 17033
List the prime factors of 4306478071.
7, 23, 47, 283, 2011
What are the prime factors of 1141694817?
3, 380564939
List the prime factors of 261113929.
261113929
List the prime factors of 26526802.
2, 13263401
List the prime factors of 384178974.
2, 3, 19, 3369991
List the prime factors of 232062637.
19, 12213823
What are the prime factors of 205760224?
2, 1973, 3259
What are the prime factors of 4759156456?
2, 31, 47, 13171
List the prime factors of 47928388.
2, 967, 12391
What are the prime factors of 144492?
2, 3, 12041
What are the prime factors of 1502797998?
2, 3, 13, 19266641
What are the prime factors of 1408409044?
2, 7, 101, 349, 1427
List the prime factors of 2882883704.
2, 10343, 34841
What are the prime factors of 3691905?
3, 5, 7, 5023
What are the prime factors of 1549208246?
2, 29, 26710487
What are the prime factors of 2559598296?
2, 3, 1759, 60631
List the prime factors of 61737936.
2, 3, 13, 98939
List the prime factors of 2095349126.
2, 13, 2833, 28447
List the prime factors of 288446591.
67, 109, 127, 311
What are the prime factors of 5956317777?
3, 1319, 1505261
List the prime factors of 1011250959.
3, 23, 37, 396103
What are the prime factors of 1595050655?
5, 11, 1427, 20323
What are the prime factors of 902371884?
2, 3, 211, 356387
What are the prime factors of 582731189?
582731189
What are the prime factors of 44613694?
2, 2083, 10709
What are the prime factors of 4821958498?
2, 7, 73, 347, 13597
List the prime factors of 254160276.
2, 3, 83, 255181
List the prime factors of 161506355.
5, 32301271
What are the prime factors of 1065964706?
2, 101, 631, 8363
List the prime factors of 48487834.
2, 37, 655241
What are the prime factors of 29871781?
19, 313, 5023
List the prime factors of 760015385.
5, 152003077
What are the prime factors of 40786052?
2, 10196513
List the prime factors of 3196748491.
4789, 667519
List the prime factors of 18172723.
18172723
What are the prime factors of 19640851?
19, 97, 10657
What are the prime factors of 86356776?
2, 3, 11, 109, 3001
List the prime factors of 2599087014.
2, 3, 16043747
List the prime factors of 41819329.
3457, 12097
List the prime factors of 32657141.
11, 2968831
List the prime factors of 466458399.
3, 11, 61, 25747
List the prime factors of 472988208.
2, 3, 7, 11, 127973
What are the prime factors of 180031117?
7, 1511, 17021
List the prime factors of 442701052.
2, 149, 397, 1871
List the prime factors of 70258870.
2, 5, 11, 638717
What are the prime factors of 2236295916?
2, 3, 1217, 51043
What are the prime factors of 6895527683?
11, 626866153
List the prime factors of 556953217.
1307, 426131
What are the prime factors of 2320810110?
2, 3, 5, 53, 157, 1033
List the prime factors of 111214906.
2, 11, 5055223
What are the prime factors of 117551445?
3, 5, 11, 712433
List the prime factors of 57026883.
3, 293, 64877
List the prime factors of 3115754154.
2, 3, 79, 743, 983
List the prime factors of 458147334.
2, 3, 76357889
List the prime factors of 681408746.
2, 340704373
List the prime factors of 41376814.
2, 769, 26903
List the prime factors of 78194920.
2, 5, 1954873
What are the prime factors of 264146380?
2, 5, 523, 25253
What are the prime factors of 121084241?
8089, 14969
List the prime factors of 188873225.
5, 7554929
What are the prime factors of 393682693?
393682693
What are the prime factors of 987133809?
3, 19, 47, 368471
List the prime factors of 584881701.
3, 2689, 72503
What are the prime factors of 32018783?
23, 60527
List the prime factors of 2106474755.
5, 7, 11, 43, 127241
What are the prime factors of 104111687?
709, 146843
List the prime factors of 523059130.
2, 5, 11, 71, 66973
What are the prime factors of 75748203?
3, 29, 3583
List the prime factors of 135711174.
2, 3, 22618529
List the prime factors of 26486013.
3, 491, 17981
What are the prime factors of 949292936?
2, 229, 283, 1831
List the prime factors of 7776968.
2, 972121
List the prime factors of 2638320030.
2, 3, 5, 29314667
List the prime factors of 470728497.
3, 709, 221311
What are the prime factors of 155975172?
2, 3, 373, 34847
List the prime factors of 100644867.
3, 2237, 4999
List the prime factors of 4428939484.
2, 17, 461, 141283
List the prime factors of 346898842.
2, 101, 1717321
List the prime factors of 2269423283.
79, 28726877
What are the prime factors of 215599825?
5, 7, 1231999
What are the prime factors of 356896707?
3, 29, 31, 132331
What are the prime factors of 83420922?
2, 3, 13, 1069499
List the prime factors of 1087779546.
2, 3, 7, 887, 9733
What are the prime factors of 3359584878?
2, 3, 13, 43071601
What are the prime factors of 4401077219?
7, 11, 43, 149, 811
What are the prime factors of 64530801?
3, 23, 311743
List the prime factors of 40793151.
3, 7, 67, 79, 367
List the prime factors of 3163494369.
3, 7, 53, 1123, 2531
List the prime factors of 590217007.
19, 23, 37, 173, 211
What are the prime factors of 214014739?
103, 2077813
List the prime factors of 4004801370.
2, 3, 5, 53, 199, 4219
What are the prime factors of 20559112?
2, 7, 367127
List the prime factors of 50333141.
17, 2960773
What are the prime factors of 1182423053?
7, 863, 195733
List the prime factors of 77526264.
2, 3, 587, 5503
What are the prime factors of 740880392?
2, 7, 1217, 1553
What are the prime factors of 589895687?
379, 1556453
List the prime factors of 733499289.
3, 17, 43, 111491
List the prime factors of 2329700857.
11, 211790987
List the prime factors of 2464134519.
3, 7, 11, 251, 42499
What are the prime factors of 99814456?
2, 7, 37, 67, 719
What are the prime factors of 6